{"id":43,"date":"2020-08-11T09:03:41","date_gmt":"2020-08-11T07:03:41","guid":{"rendered":"https:\/\/konkursy-rok-fizyki.fuw.edu.pl\/?page_id=43"},"modified":"2020-09-03T10:25:40","modified_gmt":"2020-09-03T08:25:40","slug":"konkurs-fotograficzny-filmowy-fizyka-to-lubie","status":"publish","type":"page","link":"https:\/\/konkursy-rok-fizyki.fuw.edu.pl\/index.php\/konkurs-fotograficzny-filmowy-fizyka-to-lubie\/","title":{"rendered":"Konkurs fotograficzny\/filmowy &#8211; &#8222;Fizyka, To lubi\u0119&#8221;"},"content":{"rendered":"\n<p><em><span class=\"has-inline-color has-very-dark-gray-color\"><strong> <\/strong><\/span><\/em><em><span class=\"has-inline-color has-very-dark-gray-color\"><strong>kontakt:<\/strong><\/span> <a href=\"mailto:konkurs-foto@fuw.edu.pl\"><span class=\"has-inline-color has-vivid-cyan-blue-color\">konkurs-foto@fuw.edu.pl<\/span><\/a><\/em><\/p>\n\n\n\n<p><a href=\"https:\/\/konkursy-rok-fizyki.fuw.edu.pl\/index.php\/regulamin-konkursu-fizyka-to-lubie\/\"><img loading=\"lazy\" decoding=\"async\" width=\"20\" height=\"20\" class=\"wp-image-75\" style=\"width: 20px;\" src=\"https:\/\/konkursy-rok-fizyki.fuw.edu.pl\/wp-content\/uploads\/2020\/08\/camera_fizyka_s.png\" alt=\"\"><\/a> <a href=\"https:\/\/konkursy-rok-fizyki.fuw.edu.pl\/index.php\/regulamin-konkursu-fizyka-to-lubie\/\"><span class=\"has-inline-color has-vivid-cyan-blue-color\">Regulamin<\/span><\/a><\/p>\n\n\n\n<p><a href=\"https:\/\/konkursy-rok-fizyki.fuw.edu.pl\/index.php\/konkurs-fotograficzny-filmowy-fizyka-to-lubie\/formularz-zgloszeniowy-do-konkursu-fotograficzno-filmowego-fizyka-to-lubie\/\"><img loading=\"lazy\" decoding=\"async\" width=\"20\" height=\"20\" class=\"wp-image-75\" style=\"width: 20px;\" src=\"https:\/\/konkursy-rok-fizyki.fuw.edu.pl\/wp-content\/uploads\/2020\/08\/camera_fizyka_s.png\" alt=\"\"><span class=\"has-inline-color has-vivid-cyan-blue-color\">Formularz zg\u0142oszeniowy<\/span><\/a><\/p>\n\n\n\n<p><a href=\"https:\/\/konkursy-rok-fizyki.fuw.edu.pl\/index.php\/konkurs-fotograficzny-filmowy-fizyka-to-lubie\/jury-fizyka-to-lubie\/\"><img loading=\"lazy\" decoding=\"async\" width=\"20\" height=\"20\" class=\"wp-image-75\" style=\"width: 20px;\" src=\"https:\/\/konkursy-rok-fizyki.fuw.edu.pl\/wp-content\/uploads\/2020\/08\/camera_fizyka_s.png\" alt=\"\"><\/a> <a href=\"https:\/\/konkursy-rok-fizyki.fuw.edu.pl\/index.php\/konkurs-fotograficzny-filmowy-fizyka-to-lubie\/jury-fizyka-to-lubie\/\"><span class=\"has-inline-color has-vivid-cyan-blue-color\">Jury \u201eFizyka, To lubi\u0119\u201d<\/span><\/a><\/p>\n\n\n\n<p><strong><span class=\"has-inline-color has-vivid-red-color\">Termin zg\u0142aszania prac&nbsp; up\u0142ywa 27 wrze\u015bnia 2020<\/span><\/strong><\/p>\n\n\n\n<div class=\"wp-block-image\"><figure class=\"alignleft size-large\"><img loading=\"lazy\" decoding=\"async\" width=\"201\" height=\"201\" src=\"https:\/\/konkursy-rok-fizyki.fuw.edu.pl\/wp-content\/uploads\/2020\/08\/camera_fizyka.png\" alt=\"\" class=\"wp-image-71\" srcset=\"https:\/\/konkursy-rok-fizyki.fuw.edu.pl\/wp-content\/uploads\/2020\/08\/camera_fizyka.png 201w, https:\/\/konkursy-rok-fizyki.fuw.edu.pl\/wp-content\/uploads\/2020\/08\/camera_fizyka-150x150.png 150w, https:\/\/konkursy-rok-fizyki.fuw.edu.pl\/wp-content\/uploads\/2020\/08\/camera_fizyka-100x100.png 100w\" sizes=\"auto, (max-width: 201px) 100vw, 201px\" \/><\/figure><\/div>\n","protected":false},"excerpt":{"rendered":"<p>kontakt: konkurs-foto@fuw.edu.pl Regulamin Formularz zg\u0142oszeniowy Jury \u201eFizyka, To lubi\u0119\u201d Termin zg\u0142aszania prac&nbsp; up\u0142ywa 27 wrze\u015bnia 2020<\/p>\n","protected":false},"author":1,"featured_media":0,"parent":0,"menu_order":0,"comment_status":"closed","ping_status":"closed","template":"","meta":{"footnotes":""},"class_list":["post-43","page","type-page","status-publish","hentry"],"_links":{"self":[{"href":"https:\/\/konkursy-rok-fizyki.fuw.edu.pl\/index.php\/wp-json\/wp\/v2\/pages\/43","targetHints":{"allow":["GET"]}}],"collection":[{"href":"https:\/\/konkursy-rok-fizyki.fuw.edu.pl\/index.php\/wp-json\/wp\/v2\/pages"}],"about":[{"href":"https:\/\/konkursy-rok-fizyki.fuw.edu.pl\/index.php\/wp-json\/wp\/v2\/types\/page"}],"author":[{"embeddable":true,"href":"https:\/\/konkursy-rok-fizyki.fuw.edu.pl\/index.php\/wp-json\/wp\/v2\/users\/1"}],"replies":[{"embeddable":true,"href":"https:\/\/konkursy-rok-fizyki.fuw.edu.pl\/index.php\/wp-json\/wp\/v2\/comments?post=43"}],"version-history":[{"count":9,"href":"https:\/\/konkursy-rok-fizyki.fuw.edu.pl\/index.php\/wp-json\/wp\/v2\/pages\/43\/revisions"}],"predecessor-version":[{"id":130,"href":"https:\/\/konkursy-rok-fizyki.fuw.edu.pl\/index.php\/wp-json\/wp\/v2\/pages\/43\/revisions\/130"}],"wp:attachment":[{"href":"https:\/\/konkursy-rok-fizyki.fuw.edu.pl\/index.php\/wp-json\/wp\/v2\/media?parent=43"}],"curies":[{"name":"wp","href":"https:\/\/api.w.org\/{rel}","templated":true}]}}